n 343483 is divided by 86?
85
Calculate the remainder when 73818 is divided by 345.
333
What is the remainder when 65829 is divided by 3871?
22
Calculate the remainder when 7318 is divided by 334.
304
What is the remainder when 810 is divided by 159?
15
Calculate the remainder when 44031 is divided by 54.
21
What is the remainder when 2330 is divided by 623?
461
Calculate the remainder when 3331 is divided by 145.
141
What is the remainder when 15175 is divided by 330?
325
What is the remainder when 10119 is divided by 138?
45
What is the remainder when 20552 is divided by 194?
182
What is the remainder when 36940 is divided by 94?
92
What is the remainder when 99469 is divided by 213?
211
Calculate the remainder when 1099323 is divided by 2649.
2637
Calculate the remainder when 13859 is divided by 443.
126
Calculate the remainder when 587646 is divided by 8.
6
What is the remainder when 738102 is divided by 49?
15
What is the remainder when 802872 is divided by 990?
972
Calculate the remainder when 31197 is divided by 63.
12
Calculate the remainder when 55416 is divided by 11083.
1
What is the remainder when 430409 is divided by 215167?
75
What is the remainder when 2455 is divided by 563?
203
Calculate the remainder when 10375 is divided by 2028.
235
What is the remainder when 181394 is divided by 10?
4
Calculate the remainder when 900 is divided by 95.
45
Calculate the remainder when 2480 is divided by 380.
200
What is the remainder when 9519 is divided by 252?
195
What is the remainder when 3685 is divided by 615?
610
What is the remainder when 47244 is divided by 30?
24
Calculate the remainder when 337344 is divided by 5530.
14
What is the remainder when 660 is divided by 203?
51
Calculate the remainder when 46738 is divided by 15574.
16
What is the remainder when 1567 is divided by 1556?
11
What is the remainder when 11966 is divided by 17?
15
Calculate the remainder when 339520 is divided by 3203.
2
What is the remainder when 5148 is divided by 25?
23
What is the remainder when 2857 is divided by 430?
277
What is the remainder when 3510 is divided by 186?
162
Calculate the remainder when 29071 is divided by 7258.
39
What is the remainder when 13853 is divided by 453?
263
What is the remainder when 73464 is divided by 5?
4
What is the remainder when 14685 is divided by 83?
77
What is the remainder when 46665 is divided by 5831?
17
What is the remainder when 119481 is divided by 97?
74
What is the remainder when 7189 is divided by 386?
241
Calculate the remainder when 60748 is divided by 13.
12
Calculate the remainder when 7165 is divided by 1577.
857
What is the remainder when 3530 is divided by 73?
26
Calculate the remainder when 17494 is divided by 40.
14
Calculate the remainder when 32190 is divided by 73.
70
Calculate the remainder when 45176 is divided by 97.
71
What is the remainder when 20032 is divided by 160?
32
What is the remainder when 13204 is divided by 105?
79
What is the remainder when 8134 is divided by 168?
70
What is the remainder when 84180 is divided by 136?
132
Calculate the remainder when 5186 is divided by 1716.
38
What is the remainder when 2962179 is divided by 102?
99
What is the remainder when 5490 is divided by 80?
50
Calculate the remainder when 49077 is divided by 123.
0
Calculate the remainder when 181 is divided by 164.
17
Calculate the remainder when 2730 is divided by 80.
10
Calculate the remainder when 24749 is divided by 26.
23
Calculate the remainder when 43893 is divided by 10971.
9
Calculate the remainder when 85019 is divided by 65.
64
Calculate the remainder when 3417 is divided by 212.
25
Calculate the remainder when 7575 is divided by 293.
250
What is the remainder when 849657 is divided by 170?
167
Calculate the remainder when 108676 is divided by 353.
305
Calculate the remainder when 39086 is divided by 574.
54
What is the remainder when 6499135 is divided by 2521?
2518
What is the remainder when 85541 is divided by 121?
115
Calculate the remainder when 3061 is divided by 1502.
57
What is the remainder when 908 is divided by 46?
34
What is the remainder when 52175 is divided by 1214?
1187
What is the remainder when 36185 is divided by 470?
465
Calculate the remainder when 2804 is divided by 272.
84
What is the remainder when 361518 is divided by 47?
41
What is the remainder when 1849 is divided by 1832?
17
Calculate the remainder when 1830 is divided by 26.
10
Calculate the remainder when 10295 is divided by 332.
3
What is the remainder when 613139 is divided by 205?
189
What is the remainder when 5759 is divided by 1405?
139
What is the remainder when 7676 is divided by 6?
2
What is the remainder when 5570 is divided by 5550?
20
Calculate the remainder when 26058 is divided by 17.
14
What is the remainder when 731538 is divided by 158?
156
What is the remainder when 5107 is divided by 366?
349
Calculate the remainder when 2508 is divided by 225.
33
What is the remainder when 104800 is divided by 21?
10
What is the remainder when 240169 is divided by 10?
9
What is the remainder when 278675 is divided by 743?
50
What is the remainder when 3742 is divided by 23?
16
What is the remainder when 37691 is divided by 6?
5
Calculate the remainder when 1361 is divided by 1219.
142
What is the remainder when 529872 is divided by 9?
6
What is the remainder when 284 is divided by 107?
70
Calculate the remainder when 12278 is divided by 10.
8
What is the remainder when 1153 is divided by 381?
10
Calculate the remainder when 99582 is divided by 12.
6
What is the remainder when 33558 is divided by 346?
342
Calculate the remainder when 452 is divided by 48.
20
What is the remainder when 2837 is divided by 60?
17
What is the remainder when 7559 is divided by 1079?
6
Calculate the remainder when 48508 is divided by 147.
145
Calculate the remainder when 96511 is divided by 159.
157
What is the remainder when 3329 is divided by 1431?
467
Calculate the remainder when 4055 is divided by 314.
287
Calculate the remainder when 33308 is divided by 25.
8
What is the remainder when 15241 is divided by 15146?
95
Calculate the remainder when 685962 is divided by 137181.
57
What is the remainder when 6710 is divided by 2175?
185
What is the remainder when 1838 is divided by 817?
204
What is the remainder when 6054 is divided by 15?
9
What is the remainder when 30642 is divided by 326?
324
What is the remainder when 20186877 is divided by 672?
669
Calculate the remainder when 33719 is divided by 3055.
114
What is the remainder when 7797 is divided by 1154?
873
What is the remainder when 803049 is divided by 401510?
29
What is the remainder when 2873 is divided by 772?
557
What is the remainder when 2303 is divided by 230?
3
What is the remainder when 4471 is divided by 573?
460
Calculate the remainder when 5019 is divided by 14.
7
What is the remainder when 4304 is divided by 184?
72
What is the remainder when 1526 is divided by 429?
239
Calculate the remainder when 4798 is divided by 1086.
454
Calculate the remainder when 26028 is divided by 175.
128
Calculate the remainder when 15702 is divided by 5225.
27
What is the remainder when 1821 is divided by 220?
61
Calculate the remainder when 60766 is divided by 60511.
255
Calculate the remainder when 5087419 is divided by 171.
169
What is the remainder when 7327 is divided by 49?
26
Calculate the remainder when 4367 is divided by 28.
27
Calculate the remainder when 249 is divided by 163.
86
What is the remainder when 3570 is divided by 55?
50
Calculate the remainder when 63769 is divided by 21252.
13
Calculate the remainder when 641 is divided by 436.
205
Calculate the remainder when 10018 is divided by 118.
106
Calculate the remainder when 10092 is divided by 9665.
427
Calculate the remainder when 19369 is divided by 1613.
13
What is the remainder when 210553 is divided by 210534?
19
What is the remainder when 8726 is divided by 7?
4
What is the remainder when 122670 is divided by 34?
32
What is the remainder when 14642 is divided by 418?
12
Calculate the remainder when 1575 is divided by 66.
57
Calculate the remainder when 45335 is divided by 119.
115
What is the remainder when 15401 is divided by 2503?
383
Calculate the remainder when 38001 is divided by 826.
5
What is